{"id":12293,"date":"2021-08-07T20:11:30","date_gmt":"2021-08-07T18:11:30","guid":{"rendered":"https:\/\/www.lesgarszellesfontenoises.fr\/?page_id=12293"},"modified":"2025-09-15T17:35:41","modified_gmt":"2025-09-15T15:35:41","slug":"sinscrire","status":"publish","type":"page","link":"https:\/\/www.lesgarszellesfontenoises.fr\/index.php\/sinscrire\/","title":{"rendered":"S\u2019inscrire"},"content":{"rendered":"\n<p class=\"has-text-align-center has-vivid-red-color has-white-background-color has-text-color has-background has-large-font-size\"><strong>Le prix de l\u2019adh\u00e9sion<\/strong> <strong>pour <\/strong><\/p>\n\n\n\n<p class=\"has-text-align-center has-vivid-red-color has-white-background-color has-text-color has-background has-large-font-size\"><strong>la saison 2025\/2026<\/strong> <strong>est fix\u00e9 \u00e0 20 \u20ac.<\/strong><\/p>\n\n\n\n<p class=\"has-medium-font-size\"><\/p>\n\n\n\n<p style=\"font-size:22px\"><strong>Si vous souhaitez vous inscrire ou d\u00e9couvrir notre association, n\u2019h\u00e9sitez pas \u00e0 prendre contact avec <a href=\"https:\/\/www.lesgarszellesfontenoises.fr\/index.php\/lassociation\/\" data-type=\"URL\">les membres du bureau.<\/a><\/strong><\/p>\n\n\n\n<p class=\"has-medium-font-size\"><strong>Les documents ci-dessous seront n\u00e9cessaires pour valider votre inscription<\/strong>:<\/p>\n\n\n\n<p class=\"has-vivid-red-color has-text-color has-link-color has-medium-font-size wp-elements-354f04622297880a11ee0fbe78e25b7c\">Le r\u00e8glement peux se faire via le lien :<\/p>\n\n\n\n<p class=\"has-vivid-red-color has-text-color has-link-color has-medium-font-size wp-elements-a0308f4c91aedff54a90d3bdbe1181d9\"><strong><a href=\"https:\/\/www.helloasso.com\/associations\/les-gars-z-elles-fontenoises\/adhesions\/adhesion-2025\" target=\"_blank\" rel=\"noreferrer noopener\">https:\/\/www.helloasso.com\/associations\/les-gars-z-elles-fontenoises\/adhesions\/adhesion-2025-2026<\/a><\/strong><\/p>\n\n\n\n<p class=\"has-vivid-red-color has-text-color has-link-color has-medium-font-size wp-elements-80923a82bff73f46e5e81125e7aed0e7\">Merci de privil\u00e9gier cette option afin de faciliter votre inscription.<\/p>\n\n\n\n<div class=\"wp-block-file\"><a id=\"wp-block-file--media-123cebb2-0cc9-47a5-87c2-6c479405f6c9\" href=\"https:\/\/www.lesgarszellesfontenoises.fr\/wp-content\/uploads\/2021\/08\/REGLEMENT-INTERIEUR-reglement_interieur.pdf\">REGLEMENT INTERIEUR &#8211; reglement_interieur<\/a><a href=\"https:\/\/www.lesgarszellesfontenoises.fr\/wp-content\/uploads\/2021\/08\/REGLEMENT-INTERIEUR-reglement_interieur.pdf\" class=\"wp-block-file__button wp-element-button\" download aria-describedby=\"wp-block-file--media-123cebb2-0cc9-47a5-87c2-6c479405f6c9\">T\u00e9l\u00e9charger<\/a><\/div>\n\n\n\n<p class=\"has-vivid-red-color has-text-color has-link-color has-medium-font-size wp-elements-89c0897f668c445c3bf10f2af1913c91\"><\/p>\n\n\n\n<div data-wp-interactive=\"core\/file\" class=\"wp-block-file\"><object data-wp-bind--hidden=\"!state.hasPdfPreview\" hidden class=\"wp-block-file__embed\" data=\"https:\/\/www.lesgarszellesfontenoises.fr\/wp-content\/uploads\/2025\/09\/Bulletin-Adhesion-Majeur.pdf\" type=\"application\/pdf\" style=\"width:100%;height:600px\" aria-label=\"Contenu embarqu\u00e9 Bulletin Adh\u00e9sion Majeur.\"><\/object><a id=\"wp-block-file--media-bfd02db5-99b6-41f2-8f6a-50cde7b6fcb4\" href=\"https:\/\/www.lesgarszellesfontenoises.fr\/wp-content\/uploads\/2025\/09\/Bulletin-Adhesion-Majeur.pdf\">Bulletin Adh\u00e9sion Majeur<\/a><a href=\"https:\/\/www.lesgarszellesfontenoises.fr\/wp-content\/uploads\/2025\/09\/Bulletin-Adhesion-Majeur.pdf\" class=\"wp-block-file__button wp-element-button\" download aria-describedby=\"wp-block-file--media-bfd02db5-99b6-41f2-8f6a-50cde7b6fcb4\">T\u00e9l\u00e9charger<\/a><\/div>\n\n\n\n<div data-wp-interactive=\"core\/file\" class=\"wp-block-file\"><object data-wp-bind--hidden=\"!state.hasPdfPreview\" hidden class=\"wp-block-file__embed\" data=\"https:\/\/www.lesgarszellesfontenoises.fr\/wp-content\/uploads\/2025\/09\/Bulletin-Adhesion-Mineur.pdf\" type=\"application\/pdf\" style=\"width:100%;height:600px\" aria-label=\"Contenu embarqu\u00e9 Bulletin Adh\u00e9sion Mineur.\"><\/object><a id=\"wp-block-file--media-c4e0e4df-0982-48ce-a4f7-73b4248938c2\" href=\"https:\/\/www.lesgarszellesfontenoises.fr\/wp-content\/uploads\/2025\/09\/Bulletin-Adhesion-Mineur.pdf\">Bulletin Adh\u00e9sion Mineur<\/a><a href=\"https:\/\/www.lesgarszellesfontenoises.fr\/wp-content\/uploads\/2025\/09\/Bulletin-Adhesion-Mineur.pdf\" class=\"wp-block-file__button wp-element-button\" download aria-describedby=\"wp-block-file--media-c4e0e4df-0982-48ce-a4f7-73b4248938c2\">T\u00e9l\u00e9charger<\/a><\/div>\n","protected":false},"excerpt":{"rendered":"<p>Le prix de l\u2019adh\u00e9sion pour la saison 2025\/2026 est fix\u00e9 \u00e0 20 \u20ac. Si vous souhaitez vous inscrire ou d\u00e9couvrir notre association, n\u2019h\u00e9sitez pas \u00e0 prendre contact avec les membres du bureau. Les documents ci-dessous seront n\u00e9cessaires pour valider votre inscription: Le r\u00e8glement peux se faire via le lien : https:\/\/www.helloasso.com\/associations\/les-gars-z-elles-fontenoises\/adhesions\/adhesion-2025-2026 Merci de privil\u00e9gier cette option afin de faciliter votre inscription.<\/p>\n","protected":false},"author":1,"featured_media":0,"parent":0,"menu_order":0,"comment_status":"closed","ping_status":"closed","template":"","meta":{"_bbp_topic_count":0,"_bbp_reply_count":0,"_bbp_total_topic_count":0,"_bbp_total_reply_count":0,"_bbp_voice_count":0,"_bbp_anonymous_reply_count":0,"_bbp_topic_count_hidden":0,"_bbp_reply_count_hidden":0,"_bbp_forum_subforum_count":0,"footnotes":""},"class_list":["post-12293","page","type-page","status-publish","hentry"],"_links":{"self":[{"href":"https:\/\/www.lesgarszellesfontenoises.fr\/index.php\/wp-json\/wp\/v2\/pages\/12293","targetHints":{"allow":["GET"]}}],"collection":[{"href":"https:\/\/www.lesgarszellesfontenoises.fr\/index.php\/wp-json\/wp\/v2\/pages"}],"about":[{"href":"https:\/\/www.lesgarszellesfontenoises.fr\/index.php\/wp-json\/wp\/v2\/types\/page"}],"author":[{"embeddable":true,"href":"https:\/\/www.lesgarszellesfontenoises.fr\/index.php\/wp-json\/wp\/v2\/users\/1"}],"replies":[{"embeddable":true,"href":"https:\/\/www.lesgarszellesfontenoises.fr\/index.php\/wp-json\/wp\/v2\/comments?post=12293"}],"version-history":[{"count":19,"href":"https:\/\/www.lesgarszellesfontenoises.fr\/index.php\/wp-json\/wp\/v2\/pages\/12293\/revisions"}],"predecessor-version":[{"id":25968,"href":"https:\/\/www.lesgarszellesfontenoises.fr\/index.php\/wp-json\/wp\/v2\/pages\/12293\/revisions\/25968"}],"wp:attachment":[{"href":"https:\/\/www.lesgarszellesfontenoises.fr\/index.php\/wp-json\/wp\/v2\/media?parent=12293"}],"curies":[{"name":"wp","href":"https:\/\/api.w.org\/{rel}","templated":true}]}}